[INFO] fetching crate juice 0.2.5...
[INFO] checking juice-0.2.5 against master#cfbc6d4cf1acbac5c025acf8ed68929caa551df3 for pr-75494-beta
[INFO] extracting crate juice 0.2.5 into /workspace/builds/worker-12/source
[INFO] validating manifest of crates.io crate juice 0.2.5 on toolchain cfbc6d4cf1acbac5c025acf8ed68929caa551df3
[INFO] running `Command { std: "/workspace/cargo-home/bin/cargo" "+cfbc6d4cf1acbac5c025acf8ed68929caa551df3" "read-manifest" "--manifest-path" "Cargo.toml", kill_on_drop: false }`
[INFO] started tweaking crates.io crate juice 0.2.5
[INFO] finished tweaking crates.io crate juice 0.2.5
[INFO] tweaked toml for crates.io crate juice 0.2.5 written to /workspace/builds/worker-12/source/Cargo.toml
[INFO] crate crates.io crate juice 0.2.5 already has a lockfile, it will not be regenerated
[INFO] running `Command { std: "/workspace/cargo-home/bin/cargo" "+cfbc6d4cf1acbac5c025acf8ed68929caa551df3" "fetch" "--locked" "--manifest-path" "Cargo.toml", kill_on_drop: false }`
[INFO] [stderr]  Downloading crates ...
[INFO] [stderr]   Downloaded rcudnn v1.7.0
[INFO] [stderr]   Downloaded coaster v0.1.1
[INFO] [stderr]   Downloaded rcublas v0.5.0
[INFO] [stderr]   Downloaded capnpc v0.13.0
[INFO] [stderr]   Downloaded rust-blas v0.1.3
[INFO] [stderr]   Downloaded capnp v0.13.2
[INFO] [stderr]   Downloaded coaster-nn v0.4.2
[INFO] [stderr]   Downloaded rcudnn-sys v0.4.0
[INFO] [stderr]   Downloaded coaster-blas v0.3.0
[INFO] [stderr]   Downloaded rcublas-sys v0.4.0
[INFO] running `Command { std: "docker" "create" "-v" "/var/lib/crater-agent-workspace/builds/worker-12/target:/opt/rustwide/target:rw,Z" "-v" "/var/lib/crater-agent-workspace/builds/worker-12/source:/opt/rustwide/workdir:ro,Z" "-v" "/var/lib/crater-agent-workspace/cargo-home:/opt/rustwide/cargo-home:ro,Z" "-v" "/var/lib/crater-agent-workspace/rustup-home:/opt/rustwide/rustup-home:ro,Z" "-e" "SOURCE_DIR=/opt/rustwide/workdir" "-e" "CARGO_TARGET_DIR=/opt/rustwide/target" "-e" "CARGO_HOME=/opt/rustwide/cargo-home" "-e" "RUSTUP_HOME=/opt/rustwide/rustup-home" "-w" "/opt/rustwide/workdir" "-m" "1610612736" "--user" "0:0" "--network" "none" "rustops/crates-build-env@sha256:a636fd89d022f18117e1dc8fb37a0a009933cdbbe082814857f0e2024962d47c" "/opt/rustwide/cargo-home/bin/cargo" "+cfbc6d4cf1acbac5c025acf8ed68929caa551df3" "metadata" "--no-deps" "--format-version=1", kill_on_drop: false }`
[INFO] [stdout] 61ca003d6f2185da64b6f425c02ee6eaf0241fe2c73928b4e8fa686562b5aa44
[INFO] [stderr] WARNING: Your kernel does not support swap limit capabilities or the cgroup is not mounted. Memory limited without swap.
[INFO] running `Command { std: "docker" "start" "-a" "61ca003d6f2185da64b6f425c02ee6eaf0241fe2c73928b4e8fa686562b5aa44", kill_on_drop: false }`
[INFO] running `Command { std: "docker" "inspect" "61ca003d6f2185da64b6f425c02ee6eaf0241fe2c73928b4e8fa686562b5aa44", kill_on_drop: false }`
[INFO] running `Command { std: "docker" "rm" "-f" "61ca003d6f2185da64b6f425c02ee6eaf0241fe2c73928b4e8fa686562b5aa44", kill_on_drop: false }`
[INFO] [stdout] 61ca003d6f2185da64b6f425c02ee6eaf0241fe2c73928b4e8fa686562b5aa44
[INFO] running `Command { std: "docker" "create" "-v" "/var/lib/crater-agent-workspace/builds/worker-12/target:/opt/rustwide/target:rw,Z" "-v" "/var/lib/crater-agent-workspace/builds/worker-12/source:/opt/rustwide/workdir:ro,Z" "-v" "/var/lib/crater-agent-workspace/cargo-home:/opt/rustwide/cargo-home:ro,Z" "-v" "/var/lib/crater-agent-workspace/rustup-home:/opt/rustwide/rustup-home:ro,Z" "-e" "SOURCE_DIR=/opt/rustwide/workdir" "-e" "CARGO_TARGET_DIR=/opt/rustwide/target" "-e" "CARGO_INCREMENTAL=0" "-e" "RUST_BACKTRACE=full" "-e" "RUSTFLAGS=--cap-lints=forbid" "-e" "CARGO_HOME=/opt/rustwide/cargo-home" "-e" "RUSTUP_HOME=/opt/rustwide/rustup-home" "-w" "/opt/rustwide/workdir" "-m" "1610612736" "--user" "0:0" "--network" "none" "rustops/crates-build-env@sha256:a636fd89d022f18117e1dc8fb37a0a009933cdbbe082814857f0e2024962d47c" "/opt/rustwide/cargo-home/bin/cargo" "+cfbc6d4cf1acbac5c025acf8ed68929caa551df3" "check" "--frozen" "--all" "--all-targets" "--message-format=json", kill_on_drop: false }`
[INFO] [stdout] 3b0778f73de973715be5d1c58ecd3d71502d55f2b2970510a3075a17c6c9b888
[INFO] [stderr] WARNING: Your kernel does not support swap limit capabilities or the cgroup is not mounted. Memory limited without swap.
[INFO] running `Command { std: "docker" "start" "-a" "3b0778f73de973715be5d1c58ecd3d71502d55f2b2970510a3075a17c6c9b888", kill_on_drop: false }`
[INFO] [stderr]    Compiling libc v0.2.71
[INFO] [stderr]    Compiling proc-macro2 v1.0.18
[INFO] [stderr]    Compiling unicode-xid v0.2.0
[INFO] [stderr]    Compiling log v0.4.8
[INFO] [stderr]    Compiling bitflags v1.2.1
[INFO] [stderr]    Compiling cc v1.0.54
[INFO] [stderr]    Compiling lazy_static v1.4.0
[INFO] [stderr]     Checking cfg-if v0.1.10
[INFO] [stderr]    Compiling regex-syntax v0.6.18
[INFO] [stderr]    Compiling vec_map v0.8.2
[INFO] [stderr]    Compiling bindgen v0.54.0
[INFO] [stderr]     Checking ppv-lite86 v0.2.8
[INFO] [stderr]    Compiling capnp v0.13.2
[INFO] [stderr]    Compiling syn v1.0.32
[INFO] [stderr]     Checking spin v0.5.2
[INFO] [stderr]    Compiling num-traits v0.2.12
[INFO] [stderr]    Compiling num-integer v0.1.43
[INFO] [stderr]    Compiling num-iter v0.1.41
[INFO] [stderr]    Compiling num-bigint v0.2.6
[INFO] [stderr]    Compiling num-rational v0.2.4
[INFO] [stderr]    Compiling num-complex v0.2.4
[INFO] [stderr]    Compiling nom v5.1.2
[INFO] [stderr]    Compiling rust-blas v0.1.3
[INFO] [stderr]     Checking lock_api v0.3.4
[INFO] [stderr]     Checking thread_local v1.0.1
[INFO] [stderr]    Compiling memchr v2.3.3
[INFO] [stderr]     Checking aho-corasick v0.7.10
[INFO] [stderr]    Compiling capnpc v0.13.0
[INFO] [stderr]     Checking rand v0.4.6
[INFO] [stderr]     Checking getrandom v0.1.14
[INFO] [stderr]     Checking time v0.1.43
[INFO] [stderr]     Checking parking_lot_core v0.7.2
[INFO] [stderr]     Checking atty v0.2.14
[INFO] [stderr]    Compiling which v3.1.1
[INFO] [stderr]    Compiling quote v1.0.7
[INFO] [stderr]    Compiling libloading v0.5.2
[INFO] [stderr]     Checking rand_core v0.5.1
[INFO] [stderr]    Compiling clap v2.33.1
[INFO] [stderr]     Checking num-complex v0.1.43
[INFO] [stderr]     Checking num-traits v0.1.43
[INFO] [stderr]     Checking regex v1.3.9
[INFO] [stderr]     Checking parking_lot v0.10.2
[INFO] [stderr]     Checking timeit v0.1.2
[INFO] [stderr]     Checking rand_chacha v0.2.2
[INFO] [stderr]     Checking rand_hc v0.2.0
[INFO] [stderr]     Checking enum_primitive v0.1.1
[INFO] [stderr]     Checking rand v0.7.3
[INFO] [stderr]    Compiling clang-sys v0.29.3
[INFO] [stderr]     Checking num-bigint v0.1.44
[INFO] [stderr]     Checking num-rational v0.1.42
[INFO] [stderr]     Checking env_logger v0.7.1
[INFO] [stderr]     Checking num v0.1.42
[INFO] [stderr]     Checking num v0.2.1
[INFO] [stderr]    Compiling cexpr v0.4.0
[INFO] [stderr]    Compiling juice v0.2.5 (/opt/rustwide/workdir)
[INFO] [stderr]    Compiling serial_test_derive v0.4.0
[INFO] [stderr]     Checking serial_test v0.4.0
[INFO] [stderr]    Compiling rcublas-sys v0.4.0
[INFO] [stderr]    Compiling rcudnn-sys v0.4.0
[INFO] [stderr] The following warnings were emitted during compilation:
[INFO] [stderr] 
[INFO] [stderr] warning: Running bindgen(cudnn-sys), make sure to have all required host libs installed!
[INFO] [stderr] 
[INFO] [stderr] error: failed to run custom build command for `rcudnn-sys v0.4.0`
[INFO] [stderr] 
[INFO] [stderr] Caused by:
[INFO] [stderr]   process didn't exit successfully: `/opt/rustwide/target/debug/build/rcudnn-sys-271b771a60e791fc/build-script-build` (exit code: 101)
[INFO] [stderr]   --- stdout
[INFO] [stderr]   cargo:rustc-link-lib=dylib=cudnn
[INFO] [stderr]   cargo:rustc-link-lib=dylib=cudart
[INFO] [stderr]   cargo:rustc-link-lib=dylib=cuda
[INFO] [stderr]   cargo:rerun-if-changed=build.rs
[INFO] [stderr]   cargo:warning=Running bindgen(cudnn-sys), make sure to have all required host libs installed!
[INFO] [stderr] 
[INFO] [stderr]   --- stderr
[INFO] [stderr]   wrapper.h:1:10: fatal error: 'cudnn.h' file not found
[INFO] [stderr]   wrapper.h:1:10: fatal error: 'cudnn.h' file not found, err: true
[INFO] [stderr]   thread 'main' panicked at 'Unable to generate bindings: ()', /opt/rustwide/cargo-home/registry/src/github.com-1ecc6299db9ec823/rcudnn-sys-0.4.0/build.rs:91:14
[INFO] [stderr]   stack backtrace:
[INFO] [stderr]      0:     0x5585afa38e35 - backtrace::backtrace::libunwind::trace::h5e2646fa3eddf2ea
[INFO] [stderr]                                  at /cargo/registry/src/github.com-1ecc6299db9ec823/backtrace-0.3.46/src/backtrace/libunwind.rs:86
[INFO] [stderr]      1:     0x5585afa38e35 - backtrace::backtrace::trace_unsynchronized::hb95dd7f77ce47877
[INFO] [stderr]                                  at /cargo/registry/src/github.com-1ecc6299db9ec823/backtrace-0.3.46/src/backtrace/mod.rs:66
[INFO] [stderr]      2:     0x5585afa38e35 - std::sys_common::backtrace::_print_fmt::h5e71b67af43fd70d
[INFO] [stderr]                                  at src/libstd/sys_common/backtrace.rs:78
[INFO] [stderr]      3:     0x5585afa38e35 - <std::sys_common::backtrace::_print::DisplayBacktrace as core::fmt::Display>::fmt::hdb4a83d2b61107e5
[INFO] [stderr]                                  at src/libstd/sys_common/backtrace.rs:59
[INFO] [stderr]      4:     0x5585afa62f6c - core::fmt::write::ha20e7262fa3e8a7a
[INFO] [stderr]                                  at src/libcore/fmt/mod.rs:1076
[INFO] [stderr]      5:     0x5585afa354c2 - std::io::Write::write_fmt::h1aebfe8a5a79e36d
[INFO] [stderr]                                  at src/libstd/io/mod.rs:1537
[INFO] [stderr]      6:     0x5585afa3b780 - std::sys_common::backtrace::_print::h9c07314cc66ba539
[INFO] [stderr]                                  at src/libstd/sys_common/backtrace.rs:62
[INFO] [stderr]      7:     0x5585afa3b780 - std::sys_common::backtrace::print::hd1fd65f49a2d8544
[INFO] [stderr]                                  at src/libstd/sys_common/backtrace.rs:49
[INFO] [stderr]      8:     0x5585afa3b780 - std::panicking::default_hook::{{closure}}::h222da46485ab36fc
[INFO] [stderr]                                  at src/libstd/panicking.rs:198
[INFO] [stderr]      9:     0x5585afa3b4cc - std::panicking::default_hook::hc5868949d129ed00
[INFO] [stderr]                                  at src/libstd/panicking.rs:217
[INFO] [stderr]     10:     0x5585afa3bdc3 - std::panicking::rust_panic_with_hook::h26a6ab8b0993c0c8
[INFO] [stderr]                                  at src/libstd/panicking.rs:526
[INFO] [stderr]     11:     0x5585afa3b9bb - rust_begin_unwind
[INFO] [stderr]                                  at src/libstd/panicking.rs:437
[INFO] [stderr]     12:     0x5585afa61621 - core::panicking::panic_fmt::h17139c2000299725
[INFO] [stderr]                                  at src/libcore/panicking.rs:85
[INFO] [stderr]     13:     0x5585afa61443 - core::option::expect_none_failed::h972f96abb4ec8952
[INFO] [stderr]                                  at src/libcore/option.rs:1269
[INFO] [stderr]     14:     0x5585af49e9ae - core::result::Result<T,E>::expect::h04b777ce701c2d3b
[INFO] [stderr]                                  at /rustc/cfbc6d4cf1acbac5c025acf8ed68929caa551df3/src/libcore/result.rs:963
[INFO] [stderr]     15:     0x5585af49d56a - build_script_build::main::hbcfcf897380068d3
[INFO] [stderr]                                  at /opt/rustwide/cargo-home/registry/src/github.com-1ecc6299db9ec823/rcudnn-sys-0.4.0/build.rs:67
[INFO] [stderr]     16:     0x5585af49eddb - std::rt::lang_start::{{closure}}::he13e548ba16a9ce4
[INFO] [stderr]                                  at /rustc/cfbc6d4cf1acbac5c025acf8ed68929caa551df3/src/libstd/rt.rs:67
[INFO] [stderr]     17:     0x5585afa3c263 - std::rt::lang_start_internal::{{closure}}::h84a998219831fa70
[INFO] [stderr]                                  at src/libstd/rt.rs:52
[INFO] [stderr]     18:     0x5585afa3c263 - std::panicking::try::do_call::he8e1d689a3e26def
[INFO] [stderr]                                  at src/libstd/panicking.rs:348
[INFO] [stderr]     19:     0x5585afa3c263 - std::panicking::try::h264b6eebc2fa7bbf
[INFO] [stderr]                                  at src/libstd/panicking.rs:325
[INFO] [stderr]     20:     0x5585afa3c263 - std::panic::catch_unwind::hbf28fafa723b2128
[INFO] [stderr]                                  at src/libstd/panic.rs:394
[INFO] [stderr]     21:     0x5585afa3c263 - std::rt::lang_start_internal::he959aa59bc3ec202
[INFO] [stderr]                                  at src/libstd/rt.rs:51
[INFO] [stderr]     22:     0x5585af49edb7 - std::rt::lang_start::h2a9242ce194e96d3
[INFO] [stderr]                                  at /rustc/cfbc6d4cf1acbac5c025acf8ed68929caa551df3/src/libstd/rt.rs:67
[INFO] [stderr]     23:     0x5585af49e37a - main
[INFO] [stderr]     24:     0x7f3e07d840b3 - __libc_start_main
[INFO] [stderr]     25:     0x5585af49c19e - _start
[INFO] [stderr]     26:                0x0 - <unknown>
[INFO] [stderr] warning: build failed, waiting for other jobs to finish...
[INFO] [stderr] The following warnings were emitted during compilation:
[INFO] [stderr] 
[INFO] [stderr] warning: Running bindgen(cublas-sys), make sure to have all required host libs installed!
[INFO] [stderr] 
[INFO] [stderr] error: build failed
[INFO] running `Command { std: "docker" "inspect" "3b0778f73de973715be5d1c58ecd3d71502d55f2b2970510a3075a17c6c9b888", kill_on_drop: false }`
[INFO] running `Command { std: "docker" "rm" "-f" "3b0778f73de973715be5d1c58ecd3d71502d55f2b2970510a3075a17c6c9b888", kill_on_drop: false }`
[INFO] [stdout] 3b0778f73de973715be5d1c58ecd3d71502d55f2b2970510a3075a17c6c9b888
